[INFO] cloning repository https://github.com/SecretChainGirl-Foundation/secret-simple-counter-reactjs-box
[INFO] running `Command { std: "git" "-c" "credential.helper=" "-c" "credential.helper=/workspace/cargo-home/bin/git-credential-null" "clone" "--bare" "https://github.com/SecretChainGirl-Foundation/secret-simple-counter-reactjs-box" "/workspace/cache/git-repos/https%3A%2F%2Fgithub.com%2FSecretChainGirl-Foundation%2Fsecret-simple-counter-reactjs-box", kill_on_drop: false }`
[INFO] [stderr] Cloning into bare repository '/workspace/cache/git-repos/https%3A%2F%2Fgithub.com%2FSecretChainGirl-Foundation%2Fsecret-simple-counter-reactjs-box'...
[INFO] running `Command { std: "git" "rev-parse" "HEAD", kill_on_drop: false }`
[INFO] [stdout] c638f375b0ee7578b2f20259cdd24111a9346944
[INFO] building SecretChainGirl-Foundation/secret-simple-counter-reactjs-box against master#ff34b919075f35a1787659e9c448a34b06bab8de for issue-85264
[INFO] running `Command { std: "git" "clone" "/workspace/cache/git-repos/https%3A%2F%2Fgithub.com%2FSecretChainGirl-Foundation%2Fsecret-simple-counter-reactjs-box" "/workspace/builds/worker-9/source", kill_on_drop: false }`
[INFO] [stderr] Cloning into '/workspace/builds/worker-9/source'...
[INFO] [stderr] done.
[INFO] validating manifest of git repo https://github.com/SecretChainGirl-Foundation/secret-simple-counter-reactjs-box on toolchain ff34b919075f35a1787659e9c448a34b06bab8de
[INFO] running `Command { std: "/workspace/cargo-home/bin/cargo" "+ff34b919075f35a1787659e9c448a34b06bab8de" "metadata" "--manifest-path" "Cargo.toml" "--no-deps", kill_on_drop: false }`
[INFO] removed /workspace/builds/worker-9/source/.cargo/config
[INFO] started tweaking git repo https://github.com/SecretChainGirl-Foundation/secret-simple-counter-reactjs-box
[INFO] finished tweaking git repo https://github.com/SecretChainGirl-Foundation/secret-simple-counter-reactjs-box
[INFO] tweaked toml for git repo https://github.com/SecretChainGirl-Foundation/secret-simple-counter-reactjs-box written to /workspace/builds/worker-9/source/Cargo.toml
[INFO] crate git repo https://github.com/SecretChainGirl-Foundation/secret-simple-counter-reactjs-box already has a lockfile, it will not be regenerated
[INFO] running `Command { std: "/workspace/cargo-home/bin/cargo" "+ff34b919075f35a1787659e9c448a34b06bab8de" "fetch" "--manifest-path" "Cargo.toml", kill_on_drop: false }`
[INFO] [stderr]     Blocking waiting for file lock on package cache
[INFO] [stderr]     Blocking waiting for file lock on package cache
[INFO] running `Command { std: "docker" "create" "-v" "/var/lib/crater-agent-workspace/builds/worker-9/target:/opt/rustwide/target:rw,Z" "-v" "/var/lib/crater-agent-workspace/builds/worker-9/source:/opt/rustwide/workdir:ro,Z" "-v" "/var/lib/crater-agent-workspace/cargo-home:/opt/rustwide/cargo-home:ro,Z" "-v" "/var/lib/crater-agent-workspace/rustup-home:/opt/rustwide/rustup-home:ro,Z" "-e" "SOURCE_DIR=/opt/rustwide/workdir" "-e" "CARGO_TARGET_DIR=/opt/rustwide/target" "-e" "CARGO_HOME=/opt/rustwide/cargo-home" "-e" "RUSTUP_HOME=/opt/rustwide/rustup-home" "-w" "/opt/rustwide/workdir" "-m" "1610612736" "--user" "0:0" "--network" "none" "ghcr.io/rust-lang/crates-build-env/linux@sha256:20528e8c29e4536546f0102ce88568b16ea7538393a33fcca951030f7af10457" "/opt/rustwide/cargo-home/bin/cargo" "+ff34b919075f35a1787659e9c448a34b06bab8de" "metadata" "--no-deps" "--format-version=1", kill_on_drop: false }`
[INFO] [stdout] 88f4a34d028bf68daa491c3b879021bceaadc7521ceb63aeb46469588f77d50f
[INFO] [stderr] WARNING: Your kernel does not support swap limit capabilities or the cgroup is not mounted. Memory limited without swap.
[INFO] running `Command { std: "docker" "start" "-a" "88f4a34d028bf68daa491c3b879021bceaadc7521ceb63aeb46469588f77d50f", kill_on_drop: false }`
[INFO] running `Command { std: "docker" "inspect" "88f4a34d028bf68daa491c3b879021bceaadc7521ceb63aeb46469588f77d50f", kill_on_drop: false }`
[INFO] running `Command { std: "docker" "rm" "-f" "88f4a34d028bf68daa491c3b879021bceaadc7521ceb63aeb46469588f77d50f", kill_on_drop: false }`
[INFO] [stdout] 88f4a34d028bf68daa491c3b879021bceaadc7521ceb63aeb46469588f77d50f
[INFO] running `Command { std: "docker" "create" "-v" "/var/lib/crater-agent-workspace/builds/worker-9/target:/opt/rustwide/target:rw,Z" "-v" "/var/lib/crater-agent-workspace/builds/worker-9/source:/opt/rustwide/workdir:ro,Z" "-v" "/var/lib/crater-agent-workspace/cargo-home:/opt/rustwide/cargo-home:ro,Z" "-v" "/var/lib/crater-agent-workspace/rustup-home:/opt/rustwide/rustup-home:ro,Z" "-e" "SOURCE_DIR=/opt/rustwide/workdir" "-e" "CARGO_TARGET_DIR=/opt/rustwide/target" "-e" "CARGO_INCREMENTAL=0" "-e" "RUST_BACKTRACE=full" "-e" "RUSTFLAGS=--cap-lints=forbid" "-e" "CARGO_HOME=/opt/rustwide/cargo-home" "-e" "RUSTUP_HOME=/opt/rustwide/rustup-home" "-w" "/opt/rustwide/workdir" "-m" "1610612736" "--user" "0:0" "--network" "none" "ghcr.io/rust-lang/crates-build-env/linux@sha256:20528e8c29e4536546f0102ce88568b16ea7538393a33fcca951030f7af10457" "/opt/rustwide/cargo-home/bin/cargo" "+ff34b919075f35a1787659e9c448a34b06bab8de" "build" "--frozen" "--message-format=json", kill_on_drop: false }`
[INFO] [stdout] 32fea728f4b076a05273b547f01ca4029cddae7aa29a8bd594bf58a0b60b9f8a
[INFO] [stderr] WARNING: Your kernel does not support swap limit capabilities or the cgroup is not mounted. Memory limited without swap.
[INFO] running `Command { std: "docker" "start" "-a" "32fea728f4b076a05273b547f01ca4029cddae7aa29a8bd594bf58a0b60b9f8a", kill_on_drop: false }`
[INFO] [stderr]    Compiling proc-macro2 v1.0.24
[INFO] [stderr]    Compiling unicode-xid v0.2.1
[INFO] [stderr]    Compiling syn v1.0.58
[INFO] [stderr]    Compiling serde_derive v1.0.118
[INFO] [stderr]    Compiling ryu v1.0.5
[INFO] [stderr]    Compiling serde_json v1.0.61
[INFO] [stderr]    Compiling itoa v0.4.7
[INFO] [stderr]    Compiling doc-comment v0.3.3
[INFO] [stderr]    Compiling schemars v0.7.6
[INFO] [stderr]    Compiling base64 v0.11.0
[INFO] [stderr]    Compiling quote v1.0.8
[INFO] [stderr]    Compiling serde_derive_internals v0.25.0
[INFO] [stderr]    Compiling schemars_derive v0.7.6
[INFO] [stderr]    Compiling snafu-derive v0.6.10
[INFO] [stderr]    Compiling snafu v0.6.10
[INFO] [stderr]    Compiling serde v1.0.118
[INFO] [stderr]    Compiling serde-json-wasm v0.2.1
[INFO] [stderr]    Compiling cosmwasm-std v0.10.0 (https://github.com/enigmampc/SecretNetwork?tag=v1.0.0#490fba92)
[INFO] [stderr]    Compiling cosmwasm-schema v0.10.0 (https://github.com/enigmampc/SecretNetwork?tag=v1.0.0#490fba92)
[INFO] [stderr]    Compiling cosmwasm-storage v0.10.0 (https://github.com/enigmampc/SecretNetwork?tag=v1.0.0#490fba92)
[INFO] [stderr]    Compiling secret-simple-counter-reactjs-box v0.1.0 (/opt/rustwide/workdir)
[INFO] [stderr]     Finished dev [unoptimized + debuginfo] target(s) in 1m 12s
[INFO] running `Command { std: "docker" "inspect" "32fea728f4b076a05273b547f01ca4029cddae7aa29a8bd594bf58a0b60b9f8a", kill_on_drop: false }`
[INFO] running `Command { std: "docker" "rm" "-f" "32fea728f4b076a05273b547f01ca4029cddae7aa29a8bd594bf58a0b60b9f8a", kill_on_drop: false }`
[INFO] [stdout] 32fea728f4b076a05273b547f01ca4029cddae7aa29a8bd594bf58a0b60b9f8a
[INFO] running `Command { std: "docker" "create" "-v" "/var/lib/crater-agent-workspace/builds/worker-9/target:/opt/rustwide/target:rw,Z" "-v" "/var/lib/crater-agent-workspace/builds/worker-9/source:/opt/rustwide/workdir:ro,Z" "-v" "/var/lib/crater-agent-workspace/cargo-home:/opt/rustwide/cargo-home:ro,Z" "-v" "/var/lib/crater-agent-workspace/rustup-home:/opt/rustwide/rustup-home:ro,Z" "-e" "SOURCE_DIR=/opt/rustwide/workdir" "-e" "CARGO_TARGET_DIR=/opt/rustwide/target" "-e" "CARGO_INCREMENTAL=0" "-e" "RUST_BACKTRACE=full" "-e" "RUSTFLAGS=--cap-lints=forbid" "-e" "CARGO_HOME=/opt/rustwide/cargo-home" "-e" "RUSTUP_HOME=/opt/rustwide/rustup-home" "-w" "/opt/rustwide/workdir" "-m" "1610612736" "--user" "0:0" "--network" "none" "ghcr.io/rust-lang/crates-build-env/linux@sha256:20528e8c29e4536546f0102ce88568b16ea7538393a33fcca951030f7af10457" "/opt/rustwide/cargo-home/bin/cargo" "+ff34b919075f35a1787659e9c448a34b06bab8de" "test" "--frozen" "--no-run" "--message-format=json", kill_on_drop: false }`
[INFO] [stderr] WARNING: Your kernel does not support swap limit capabilities or the cgroup is not mounted. Memory limited without swap.
[INFO] [stdout] a8c8ef4f7a60f2bc2f352924968c6739963b60e361e356d8574bc5f5c223446a
[INFO] running `Command { std: "docker" "start" "-a" "a8c8ef4f7a60f2bc2f352924968c6739963b60e361e356d8574bc5f5c223446a", kill_on_drop: false }`
[INFO] [stderr]    Compiling secret-simple-counter-reactjs-box v0.1.0 (/opt/rustwide/workdir)
[INFO] [stdout] error[E0433]: failed to resolve: use of undeclared crate or module `secret_simple_counter_vuejs_box`
[INFO] [stdout]  --> examples/schema.rs:6:5
[INFO] [stdout]   |
[INFO] [stdout] 6 | use secret_simple_counter_vuejs_box::msg::{CountResponse, HandleMsg, InitMsg, QueryMsg};
[INFO] [stdout]   |     ^^^^^^^^^^^^^^^^^^^^^^^^^^^^^^^ use of undeclared crate or module `secret_simple_counter_vuejs_box`
[INFO] [stdout] 
[INFO] [stdout] 
[INFO] [stdout] error[E0433]: failed to resolve: use of undeclared crate or module `secret_simple_counter_vuejs_box`
[INFO] [stdout]  --> examples/schema.rs:7:5
[INFO] [stdout]   |
[INFO] [stdout] 7 | use secret_simple_counter_vuejs_box::state::State;
[INFO] [stdout]   |     ^^^^^^^^^^^^^^^^^^^^^^^^^^^^^^^ use of undeclared crate or module `secret_simple_counter_vuejs_box`
[INFO] [stdout] 
[INFO] [stdout] 
[INFO] [stdout] error[E0412]: cannot find type `InitMsg` in this scope
[INFO] [stdout]   --> examples/schema.rs:15:32
[INFO] [stdout]    |
[INFO] [stdout] 15 |     export_schema(&schema_for!(InitMsg), &out_dir);
[INFO] [stdout]    |                                ^^^^^^^ not found in this scope
[INFO] [stdout]    |
[INFO] [stdout] help: consider importing this struct
[INFO] [stdout]    |
[INFO] [stdout] 1  | use secret_simple_counter_reactjs_box::msg::InitMsg;
[INFO] [stdout]    |
[INFO] [stdout] 
[INFO] [stdout] 
[INFO] [stdout] error[E0412]: cannot find type `HandleMsg` in this scope
[INFO] [stdout]   --> examples/schema.rs:16:32
[INFO] [stdout]    |
[INFO] [stdout] 16 |     export_schema(&schema_for!(HandleMsg), &out_dir);
[INFO] [stdout]    |                                ^^^^^^^^^ not found in this scope
[INFO] [stdout]    |
[INFO] [stdout] help: consider importing this enum
[INFO] [stdout]    |
[INFO] [stdout] 1  | use secret_simple_counter_reactjs_box::msg::HandleMsg;
[INFO] [stdout]    |
[INFO] [stdout] 
[INFO] [stdout] 
[INFO] [stdout] error[E0412]: cannot find type `QueryMsg` in this scope
[INFO] [stdout]   --> examples/schema.rs:17:32
[INFO] [stdout]    |
[INFO] [stdout] 17 |     export_schema(&schema_for!(QueryMsg), &out_dir);
[INFO] [stdout]    |                                ^^^^^^^^ not found in this scope
[INFO] [stdout]    |
[INFO] [stdout] help: consider importing this enum
[INFO] [stdout]    |
[INFO] [stdout] 1  | use secret_simple_counter_reactjs_box::msg::QueryMsg;
[INFO] [stdout]    |
[INFO] [stdout] 
[INFO] [stdout] 
[INFO] [stdout] error[E0412]: cannot find type `State` in this scope
[INFO] [stdout]   --> examples/schema.rs:18:32
[INFO] [stdout]    |
[INFO] [stdout] 18 |     export_schema(&schema_for!(State), &out_dir);
[INFO] [stdout]    |                                ^^^^^ not found in this scope
[INFO] [stdout]    |
[INFO] [stdout] help: consider importing this struct
[INFO] [stdout]    |
[INFO] [stdout] 1  | use secret_simple_counter_reactjs_box::state::State;
[INFO] [stdout]    |
[INFO] [stdout] 
[INFO] [stdout] 
[INFO] [stdout] error[E0412]: cannot find type `CountResponse` in this scope
[INFO] [stdout]   --> examples/schema.rs:19:32
[INFO] [stdout]    |
[INFO] [stdout] 19 |     export_schema(&schema_for!(CountResponse), &out_dir);
[INFO] [stdout]    |                                ^^^^^^^^^^^^^ not found in this scope
[INFO] [stdout]    |
[INFO] [stdout] help: consider importing this struct
[INFO] [stdout]    |
[INFO] [stdout] 1  | use secret_simple_counter_reactjs_box::msg::CountResponse;
[INFO] [stdout]    |
[INFO] [stdout] 
[INFO] [stdout] 
[INFO] [stdout] error: aborting due to 7 previous errors
[INFO] [stdout] 
[INFO] [stdout] 
[INFO] [stdout] Some errors have detailed explanations: E0412, E0433.
[INFO] [stdout] 
[INFO] [stdout] For more information about an error, try `rustc --explain E0412`.
[INFO] [stdout] 
[INFO] [stderr] error: could not compile `secret-simple-counter-reactjs-box`
[INFO] [stderr] 
[INFO] [stderr] To learn more, run the command again with --verbose.
[INFO] [stderr] warning: build failed, waiting for other jobs to finish...
[INFO] [stderr] error: build failed
[INFO] running `Command { std: "docker" "inspect" "a8c8ef4f7a60f2bc2f352924968c6739963b60e361e356d8574bc5f5c223446a", kill_on_drop: false }`
[INFO] running `Command { std: "docker" "rm" "-f" "a8c8ef4f7a60f2bc2f352924968c6739963b60e361e356d8574bc5f5c223446a", kill_on_drop: false }`
[INFO] [stdout] a8c8ef4f7a60f2bc2f352924968c6739963b60e361e356d8574bc5f5c223446a
